nd u.
28
Suppose -6*a - 2534 = -650. Let l = a + 327. Calculate the highest common factor of 143 and l.
13
Let d(m) = -3*m**3 - 6*m**2 - 42*m - 135. Let k be d(-5). Calculate the highest common factor of k and 15.
15
Let p be (8/(-10))/((-117)/(-600) + (-21)/105). What is the highest common factor of 1504 and p?
32
Let n be 2/(-10) + (-790809)/(-1095). What is the highest common factor of 95 and n?
19
Let t(j) = 32*j + 3622. Let d be t(-83). Calculate the greatest common factor of 168 and d.
42
Let y = -52 - -89. Suppose -12693*g - 14504 = -12742*g. Calculate the greatest common factor of g and y.
37
Let n be 72/(-15)*(-20)/3. Let v = 502 + -502. Suppose v = 5*b + 1264 - 1744. What is the highest common divisor of n and b?
32
Let v = -36 - -46. Let z = v - 81. Let q = z + 87. What is the greatest common divisor of 64 and q?
16
Let m(c) = 2*c**2 + 5*c - 1. Let n be m(-5). Let i be 4/n + 15239/42. What is the highest common factor of i and 33?
33
Let r(w) = -w**2 + 3*w + 4. Let n be r(4). Let u(v) = -5*v - 2. Let i be u(n). Let x be 85 + -3 - (i + 3). Calculate the highest common factor of 27 and x.
27
Let j = -5441 - -5477. Suppose 5*x - 450 = i, 0*x + 3*x - 270 = -4*i. What is the greatest common factor of j and x?
18
Suppose -95*u + 26991 = -1214 - 38295. What is the greatest common factor of 1150 and u?
50
Let f = 3479 - 3441. What is the highest common divisor of 1577 and f?
19
Let k = -12281 + 12361. Calculate the highest common divisor of 1720 and k.
40
Let i(d) = 12*d**2 + 68*d + 912. Let j be i(-15). Calculate the greatest common divisor of j and 192.
96
Let l = -23540 + 23620. Calculate the highest common divisor of l and 2460.
20
Let q(a) = 3*a**3 + 67*a**2 - 47*a - 19. Let h = 25 - 48. Let b be q(h). What is the greatest common divisor of 154 and b?
2
Let p(o) = 4*o - 4. Let a be p(3). Suppose a*f - 7*f - 5 = 0. Suppose 185 = f*w - 5*t, 4*w - 247 = -t - 74. What is the highest common divisor of 12 and w?
6
Suppose 2*z + u = 29, -3*u + 71 = 5*z - u. Suppose -180 = -z*m + 28*m. Let w be -33*2*100/m. What is the highest common divisor of w and 55?
55
Let l be ((-8)/(-6))/(1/(-6)*-2). Let o be -50*(-10 + 8)/(2/l). Calculate the highest common factor of o and 8.
8
Let v = -139 - -163. Let c = -252 - -306. What is the highest common factor of v and c?
6
Let k = -2151 + 3173. Suppose k*d - 1024*d = -8. Calculate the highest common factor of d and 16.
4
Let v be 226 + 2 + (10 - 21) - -13. Calculate the greatest common divisor of 150 and v.
10
Suppose 31 = 2*s - t, -t + 0 = 1. Let k(z) = z**2 + 582*z - 15145. Let w be k(25). What is the highest common divisor of w and s?
15
Let b = -120 - -138. Let g be (-27)/b*250*(-4)/12. Calculate the highest common divisor of g and 50.
25
Suppose -3*a + 24 = -12. Suppose -5*w - 5*h = -4*w - 895, -5*h = -3*w + 2665. Let f = 932 - w. Calculate the highest common factor of f and a.
6
Suppose 84*x - 25*x - 2832 = 0. What is the highest common factor of 1328 and x?
16
Let r be (24/9)/((-4)/(-6)). Suppose 38 + 22 = 5*d + x, d = r*x + 12. Let i be (-2 - -2 - 3)/(d/(-64)). Calculate the highest common divisor of 160 and i.
16
Let t(s) = 120*s**3 - 2*s**2 + 8*s - 7. Let g be t(1). Calculate the highest common divisor of 663 and g.
17
Suppose -9324 = -101*g - 941. Suppose -2*f = 5*c + 117, -3*f - 2*c - 178 = 3*c. Let w = f + g. What is the highest common factor of w and 33?
11
Let z be (-78)/4*((-2412)/(-27))/(-134). Suppose 5*l = -16 + 81. What is the greatest common factor of l and z?
13
Let f(o) = 3*o**2 - 4*o - 1. Let x be f(3). Suppose 180*q - 6678 - 2595 = 807. Calculate the greatest common divisor of q and x.
14
Let x be (0/1)/(-26 + 24). Let o be 33/(-9)*(-3 + x). What is the greatest common divisor of 583 and o?
11
Suppose 0 = 5*d - 59 + 44. Suppose 2*h - 362 = s + d*s, 3*h + 2*s - 519 = 0. What is the highest common divisor of 25 and h?
25
Suppose 38*z + 7 = 39*z. Let h = 84 + z. Suppose 78 = 7*n - n. What is the greatest common divisor of n and h?
13
Let k be 48/15*(-7055)/(-332). What is the greatest common factor of 16 and k?
4
Let k be (4/(-2))/(8/(-920)). What is the highest common factor of 2185 and k?
115
Suppose -y - 6*y = -35. Let t be (-26)/13 - 25*-2. Let q = t - 8. Calculate the highest common factor of y and q.
5
Let w(s) = 331*s**3 - s**2 + 207*s - 412. Let q be w(2). Calculate the highest common factor of q and 54.
54
Let u(l) = l + 6. Let f be u(8). Suppose 0 = c + n - 2, 0 = 2*c - c - 2*n - 14. Suppose 210 = -c*d + 12*d. What is the highest common divisor of f and d?
7
Suppose 1147 + 107 = 33*o. What is the greatest common divisor of 38 and o?
38
Let m = -8829 + 9306. What is the highest common factor of m and 369?
9
Let a = -607 - -662. Calculate the greatest common factor of 745 and a.
5
Suppose 3*u = -m + 5779, 0 = -2*m - u + 13391 - 1798. What is the greatest common factor of m and 250?
50
Let b = -5427 + 6911. Calculate the greatest common divisor of 1696 and b.
212
Let t = 344 + -341. Suppose 25 = d + t*p, 15 = 4*d + 22*p - 27*p. Calculate the greatest common divisor of d and 190.
10
Suppose 0 = -10*d + 5234 - 314. Calculate the greatest common divisor of d and 60.
12
Let v(k) = 4*k**3 - 11*k**2 + 12. Let l(d) = 7*d**3 - 21*d**2 + 23. Let i(r) = -3*l(r) + 5*v(r). Let n be i(6). What is the greatest common divisor of 36 and n?
9
Let o(f) = 23 + f + 4*f**2 - 18 - 17*f - 5*f**2 + 60. Let m be o(-19). Calculate the greatest common factor of m and 4.
4
Let s be (-10 + (-220)/(-25))/((-22)/(-5) + -5). Let n(p) = -p**3 + 8*p**2 - 5*p + 8. Let m be n(7). Calculate the highest common divisor of s and m.
2
Let y = 41 - 37. Suppose -2*i = -526 - 86. Suppose -2*r + 65 = z - 5*r, -y*r = 5*z - i. What is the highest common divisor of 31 and z?
31
Let x = -5251 + 5351. Calculate the highest common factor of 340 and x.
20
Suppose -23 = -5*d + 17. Suppose d*y - 35 = 3*y. Let j(f) = -f**2 - 23*f + 3. Let z be j(-20). What is the highest common divisor of z and y?
7
Let m(q) = -q**3 - 4*q**2 - 5*q - 9. Suppose r = -n, 0 = -r + 2*r - 4. Let l be m(n). Suppose 679 = l*p - 80. Calculate the greatest common factor of p and 3.
3
Let f = 7569 + -7566. What is the greatest common divisor of f and 409?
1
Let k = -2 - -8. Let r be 1522 + (-4 - 2 - -7 - -6). Let y = -1526 + r. Calculate the greatest common divisor of k and y.
3
Suppose 2*r + 2842 = 2*i, -7121 = -7*i + 2*i + r. What is the highest common divisor of i and 38?
19
Suppose 11 = 5*q - 5*f - 4, 8 = 2*f. Suppose -q + 1 = -m. Suppose m*o - 66 = -0*o. Calculate the greatest common factor of 55 and o.
11
Let k = 27166 + -27163. Let n(b) = b - 1. Let a be n(5). What is the highest common factor of k and a?
1
Let b = -34 + 109. Suppose b - 147 = -u. What is the highest common divisor of u and 40?
8
Suppose -10*t + 6*t = 4. Let b be ((-1)/(6/78))/t. What is the greatest common divisor of 91 and b?
13
Let u = -1 + 1. Suppose 0*a - a + 45 = u. Suppose -1369*o - 3*r = -1374*o + 117, -5*r - 135 = -5*o. What is the greatest common divisor of a and o?
9
Suppose -19*u - 281 + 693 + 348 = 0. What is the highest common factor of 58800 and u?
40
Suppose 0 = j - 37*w + 32*w + 11, 6*w - 138 = -4*j. What is the greatest common divisor of 36 and j?
12
Let v(n) = -125*n + 35. Let b be v(3). Let w = b - -494. What is the highest common factor of 22 and w?
22
Let t be (-19 + 8)/((-2)/2). Suppose -4*h - 126 = -2*m, 4*h = 3*h + 3*m - 29. Let r be ((-88)/h)/(2/56). What is the highest common factor of r and t?
11
Suppose 22*x - 4331 - 6801 = 0. What is the greatest common factor of x and 828?
46
Let b = 3557 - 3432. Calculate the highest common divisor of b and 3125.
125
Let q(z) = -15*z - 54. Let j(p) = -2*p**2 + 31*p + 6. Let x be j(16). Let k be q(x). Calculate the greatest common factor of k and 16.
16
Let q be (-3 - -2)/(2/(-146)). Suppose -q = -2*o - 1. Suppose 3*w = -3*d + 6*d - 21, 3*d - 5*w = 17. Calculate the greatest common divisor of d and o.
9
Let f(b) = -3*b**3 + 83*b**2 + 29*b + 7. Let m be f(28). Suppose -r = -6*r + 5*p + 115, -86 = -4*r + p. What is the highest common factor of m and r?
7
Suppose -3*t + 146 = 3*v - 883, -4*v + 1374 = 3*t. Calculate the highest common factor of 35 and v.
5
Suppose -7*c - 264 = -3 + 5. Suppose m + 0*m = -2*z - 758, 3*z + 113